
Is 332616749 a composite number?
False
Is 162548119 a prime number?
True
Is 7050601 prime?
False
Is 8494897 prime?
True
Is 9721885 a prime number?
False
Is 13014517 a prime number?
False
Is 953639 a prime number?
True
Is 419036729 prime?
False
Is 63453185 a prime number?
False
Is 3794863 a prime number?
True
Is 20285263 a composite number?
False
Is 315895069 composite?
True
Is 73643587 composite?
False
Is 2106733 prime?
True
Is 5779247 a prime number?
False
Is 195219021 a prime number?
False
Is 3977881 a prime number?
False
Is 260219 prime?
False
Is 5719529 prime?
False
Is 3104669 a composite number?
False
Is 1813313 composite?
False
Is 9316979 a prime number?
False
Is 48331789 prime?
False
Is 154844491 composite?
False
Is 1902937 composite?
True
Is 38212817 a composite number?
True
Is 683674707 composite?
True
Is 8708914 composite?
True
Is 118403279 a composite number?
True
Is 2459899 composite?
True
Is 209340611 prime?
True
Is 503474 a composite number?
True
Is 499099 composite?
False
Is 905413 a composite number?
False
Is 296809 a composite number?
True
Is 8611391 prime?
False
Is 2012083 a prime number?
True
Is 2774251 prime?
True
Is 483179 a prime number?
True
Is 47774431 composite?
False
Is 16317611 a composite number?
False
Is 17826397 a prime number?
False
Is 9587971 prime?
False
Is 25416982 prime?
False
Is 4405493 a composite number?
False
Is 3093803 composite?
False
Is 627512393 a prime number?
True
Is 22802891 a prime number?
False
Is 19467751 prime?
True
Is 160307 composite?
True
Is 9305207 a composite number?
False
Is 24472073 a composite number?
True
Is 64286203 a composite number?
False
Is 7076887 composite?
True
Is 6654471 a composite number?
True
Is 197910943 a prime number?
False
Is 72042101 composite?
False
Is 50667307 a composite number?
True
Is 4877773 a prime number?
True
Is 85706063 prime?
False
Is 793306357 a prime number?
True
Is 4532191 a prime number?
True
Is 4463882 composite?
True
Is 435709 composite?
False
Is 273698833 a prime number?
True
Is 31628797 a prime number?
True
Is 4046743 a composite number?
True
Is 19564271 composite?
True
Is 116571629 composite?
False
Is 10995713 prime?
True
Is 1509619 a composite number?
True
Is 9294179 prime?
True
Is 43459177 prime?
False
Is 1426003 composite?
False
Is 9791981 a composite number?
False
Is 1033271 a composite number?
False
Is 1143901249 prime?
False
Is 14701501 composite?
False
Is 21908651 prime?
True
Is 20283649 composite?
True
Is 6146213 composite?
False
Is 24341321 composite?
False
Is 39566069 composite?
False
Is 275163089 a composite number?
True
Is 438104857 a composite number?
False
Is 1523315 composite?
True
Is 10768235 prime?
False
Is 3356557 a composite number?
False
Is 23570383 a prime number?
True
Is 11409287 a composite number?
False
Is 143430977 composite?
True
Is 22785181 a composite number?
False
Is 52939223 a prime number?
True
Is 70073717 a prime number?
False
Is 7176427 composite?
True
Is 266896681 a composite number?
True
Is 235050239 prime?
False
Is 2613029 a prime number?
True
Is 86241707 a prime number?
True
Is 23288233 a prime number?
True
Is 5030293 prime?
False
Is 12335149 a composite number?
True
Is 109513861 prime?
False
Is 3252673 prime?
False
Is 4957109 a prime number?
True
Is 7518767 prime?
True
Is 965044897 a prime number?
True
Is 1422178 a prime number?
False
Is 66683 prime?
True
Is 2712613 composite?
False
Is 59388982 prime?
False
Is 51150851 a prime number?
False
Is 4888019 prime?
False
Is 2086621 a prime number?
True
Is 783889 a composite number?
True
Is 478367153 prime?
False
Is 318029723 a prime number?
False
Is 11657447 a composite number?
True
Is 1542389 composite?
True
Is 20153921 a composite number?
False
Is 884519 composite?
True
Is 3059971 a prime number?
False
Is 1597837 a prime number?
False
Is 2123731 a composite number?
False
Is 11718331 a composite number?
True
Is 303678047 a composite number?
False
Is 7954619 a composite number?
True
Is 59682793 prime?
True
Is 136356019 a prime number?
True
Is 542917 prime?
False
Is 18325001 a prime number?
True
Is 14509667 a composite number?
False
Is 7045051 composite?
True
Is 72968281 composite?
True
Is 29849467 prime?
False
Is 30634453 a prime number?
True
Is 811411 composite?
False
Is 86609653 a prime number?
False
Is 36282953 prime?
False
Is 43298947 prime?
True
Is 1076813 a prime number?
True
Is 844649609 a prime number?
False
Is 157709507 a prime number?
True
Is 908189 prime?
False
Is 1054099 composite?
True
Is 5748947 a composite number?
False
Is 10851149 a prime number?
False
Is 1569461 a composite number?
True
Is 741527 a composite number?
True
Is 1777417 a composite number?
True
Is 1967447 a composite number?
True
Is 1109041 composite?
True
Is 16985171 a composite number?
True
Is 2436087367 a composite number?
True
Is 972707 a composite number?
True
Is 315483583 a prime number?
True
Is 1062882295 a prime number?
False
Is 81527869 a composite number?
True
Is 15354719 a prime number?
True
Is 137171263 prime?
True
Is 39953519 a prime number?
False
Is 84695617 composite?
False
Is 1502057 a composite number?
False
Is 243973687 composite?
False
Is 684137 prime?
False
Is 6638851 a prime number?
True
Is 106482161 a composite number?
False
Is 3398903 composite?
True
Is 45284731 a composite number?
False
Is 12296017 composite?
False
Is 7009139 a composite number?
False
Is 1485221 prime?
True
Is 17410577 a prime number?
True
Is 11154217 composite?
True
Is 13192691 composite?
False
Is 3623639 a composite number?
False
Is 1010207 a prime number?
False
Is 2285039 prime?
True
Is 14446451 a composite number?
False
Is 22502651 composite?
False
Is 44460841 a composite number?
False
Is 156117287 a prime number?
True
Is 50241701 a prime number?
False
Is 2306181 a prime number?
False
Is 32573729 prime?
True
Is 5413307 prime?
False
Is 1489963 prime?
False
Is 58070753 a prime number?
False
Is 822075074 prime?
False
Is 555402709 a composite number?
False
Is 3449069 a composite number?
True
Is 4765573 a composite number?
False
Is 2327011 a composite number?
True
Is 11010661 a composite number?
False
Is 2875331 a composite number?
False
Is 1277707 composite?
True
Is 93467303 a prime number?
False
Is 11697319 a composite number?
False
Is 837631 composite?
False
Is 6521497 a composite number?
False
Is 34966523 composite?
True
Is 83580769 composite?
True
Is 151597 composite?
False
Is 3791027 a composite number?
False
Is 1293101 composite?
True
Is 301586807 composite?
False
Is 5656463 a prime number?
True
Is 1073563 a composite number?
False
Is 5422015 composite?
True
Is 122964529 composite?
False
Is 4700587 a composite number?
True
Is 1496387 composite?
False
Is 2580751 composite?
True
Is 25360833 composite?
True
Is 26637817 prime?
False
Is 30590591 prime?
True
Is 653343107 composite?
False
Is 19210229 a composite number?
False
Is 70948879 a prime number?
True
Is 9106487 a prime number?
False
Is 1778801 prime?
True
Is 1276351 prime?
True
Is 5516903 prime?
False
Is 1437593 prime?
False
Is 2437321 a prime number?
True
Is 24714713 composite?
False
Is 590219 a composite number?
True
Is 40326421 a composite number?
True
Is 516337355 a composite number?
True
Is 56591537 composite?
True
Is 748768767 a composite number?
True
Is 13479787 a composite number?
True
Is 62937593 composite?
False
Is 3404981 composite?
True
Is 15052703 a prime number?
True
Is 5470951 prime?
True
Is 207169 composite?
False
Is 12529761 composite?
True
Is 5648911 a prime number?
True
Is 2955907 composite?
False
Is 15999169 a composite number?
False
Is 55471799 a composite number?
True
Is 107445049 prime?
False
Is 1534727 a prime number?
True
Is 62761403 composite?
True
Is 315113951 a prime number?
True
Is 23534601 prime?
False
Is 2065507 a composite number?
True
Is 152607629 a prime number?
True
Is 4116857 prime?
True
Is 32410051 a composite number?
True
Is 7083969 prime?
False
Is 3219847 composite?
False
Is 472661 a prime number?
False
Is 19547357 prime?
False
Is 9634361 composite?
True
Is 75115438 a prime number?
False
Is 3509153 a composite number?
False
Is 148594993 a composite number?
False
Is 9426161 prime?
True
Is 24883805 a prime number?
False
Is 17059243 composite?
False
Is 54254 a composite number?
True
Is 2568619 composit